he remainder when 2338 is divided by 449.
93
Calculate the remainder when 1470 is divided by 115.
90
Calculate the remainder when 76602 is divided by 156.
6
What is the remainder when 12209 is divided by 2887?
661
Calculate the remainder when 356433 is divided by 1325.
8
Calculate the remainder when 235928 is divided by 441.
434
What is the remainder when 3595 is divided by 92?
7
What is the remainder when 803 is divided by 131?
17
Calculate the remainder when 191770 is divided by 38352.
10
What is the remainder when 62333 is divided by 13?
11
Calculate the remainder when 294 is divided by 204.
90
Calculate the remainder when 310 is divided by 302.
8
Calculate the remainder when 75011 is divided by 4407.
92
Calculate the remainder when 464524 is divided by 6363.
25
Calculate the remainder when 161194 is divided by 8.
2
What is the remainder when 131467 is divided by 58?
39
What is the remainder when 2151573 is divided by 1423?
1420
What is the remainder when 6870 is divided by 114?
30
Calculate the remainder when 12837 is divided by 427.
27
Calculate the remainder when 1282 is divided by 511.
260
What is the remainder when 75152 is divided by 442?
12
Calculate the remainder when 440820 is divided by 122.
34
Calculate the remainder when 8801 is divided by 552.
521
Calculate the remainder when 107720 is divided by 41.
13
What is the remainder when 6162 is divided by 1990?
192
Calculate the remainder when 2479 is divided by 856.
767
What is the remainder when 59134 is divided by 462?
460
What is the remainder when 1497 is divided by 157?
84
Calculate the remainder when 1571 is divided by 180.
131
Calculate the remainder when 3491 is divided by 149.
64
Calculate the remainder when 49904 is divided by 9889.
459
What is the remainder when 5243 is divided by 301?
126
Calculate the remainder when 41710 is divided by 256.
238
Calculate the remainder when 116534 is divided by 65.
54
What is the remainder when 4293 is divided by 13?
3
Calculate the remainder when 1221 is divided by 51.
48
What is the remainder when 1849621 is divided by 5315?
1
What is the remainder when 20457 is divided by 80?
57
Calculate the remainder when 21359 is divided by 196.
191
Calculate the remainder when 264145 is divided by 438.
31
What is the remainder when 4518 is divided by 23?
10
Calculate the remainder when 9758 is divided by 2439.
2
What is the remainder when 922 is divided by 173?
57
What is the remainder when 5340 is divided by 91?
62
What is the remainder when 100057 is divided by 788?
769
What is the remainder when 81779 is divided by 409?
388
Calculate the remainder when 9144 is divided by 8164.
980
What is the remainder when 305381 is divided by 100?
81
Calculate the remainder when 26062 is divided by 237.
229
What is the remainder when 10077 is divided by 1257?
21
Calculate the remainder when 3385 is divided by 68.
53
What is the remainder when 2091345 is divided by 84?
81
What is the remainder when 7931 is divided by 71?
50
Calculate the remainder when 119502 is divided by 176.
174
Calculate the remainder when 4857 is divided by 27.
24
Calculate the remainder when 235386 is divided by 117684.
18
Calculate the remainder when 326264 is divided by 431.
428
Calculate the remainder when 11021 is divided by 3653.
62
Calculate the remainder when 185479 is divided by 35.
14
Calculate the remainder when 8180 is divided by 4041.
98
What is the remainder when 525 is divided by 278?
247
Calculate the remainder when 84779 is divided by 285.
134
What is the remainder when 16263 is divided by 35?
23
What is the remainder when 1399 is divided by 588?
223
What is the remainder when 3262 is divided by 225?
112
What is the remainder when 8852 is divided by 2188?
100
Calculate the remainder when 27245 is divided by 838.
429
What is the remainder when 611 is divided by 108?
71
Calculate the remainder when 318 is divided by 42.
24
What is the remainder when 454990 is divided by 27?
13
Calculate the remainder when 28782 is divided by 118.
108
What is the remainder when 1516600 is divided by 14?
8
What is the remainder when 6110 is divided by 155?
65
Calculate the remainder when 31780 is divided by 2879.
111
Calculate the remainder when 77642 is divided by 281.
86
Calculate the remainder when 9413 is divided by 1847.
178
What is the remainder when 366717 is divided by 192?
189
Calculate the remainder when 128632 is divided by 1588.
4
What is the remainder when 109635 is divided by 36539?
18
Calculate the remainder when 43052 is divided by 14350.
2
What is the remainder when 146086 is divided by 27?
16
Calculate the remainder when 2160 is divided by 195.
15
Calculate the remainder when 3818 is divided by 318.
2
Calculate the remainder when 10532 is divided by 45.
2
What is the remainder when 291080 is divided by 56?
48
Calculate the remainder when 4308 is divided by 845.
83
Calculate the remainder when 20638 is divided by 17.
0
Calculate the remainder when 39799 is divided by 884.
19
What is the remainder when 60791 is divided by 1196?
991
What is the remainder when 828 is divided by 19?
11
Calculate the remainder when 4438871 is divided by 57.
53
Calculate the remainder when 176259 is divided by 70.
69
Calculate the remainder when 17002 is divided by 1700.
2
Calculate the remainder when 307235 is divided by 183.
161
Calculate the remainder when 23828 is divided by 114.
2
Calculate the remainder when 2785 is divided by 226.
73
What is the remainder when 36510 is divided by 36504?
6
What is the remainder when 11907 is divided by 1323?
0
Calculate the remainder when 16516 is divided by 75.
16
Calculate the remainder when 555 is divided by 36.
15
What is the remainder when 90290 is divided by 684?
2
What is the remainder when 16629 is divided by 1228?
665
Calculate the remainder when 67795 is divided by 253.
244
Calculate the remainder when 19048 is divided by 345.
73
Calculate the remainder when 712509 is divided by 235.
224
Calculate the remainder when 17367 is divided by 1085.
7
What is the remainder when 253821 is divided by 65?
61
Calculate the remainder when 1973 is divided by 1958.
15
Calculate the remainder when 1991 is divided by 35.
31
Calculate the remainder when 4413707 is divided by 234.
233
What is the remainder when 10663 is divided by 723?
541
Calculate the remainder when 65144 is divided by 5422.
80
What is the remainder when 23051 is divided by 3841?
5
Calculate the remainder when 3320 is divided by 39.
5
Calculate the remainder when 160997 is divided by 211.
4
Calculate the remainder when 262645 is divided by 236.
213
What is the remainder when 30351 is divided by 16?
15
What is the remainder when 7978 is divided by 420?
418
Calculate the remainder when 2757 is divided by 1041.
675
What is the remainder when 981179 is divided by 276?
275
Calculate the remainder when 768 is divided by 250.
18
What is the remainder when 1044 is divided by 226?
140
Calculate the remainder when 178922 is divided by 4260.
2
What is the remainder when 58979 is divided by 58?
51
What is the remainder when 31821 is divided by 7953?
9
Calculate the remainder when 8545 is divided by 95.
90
Calculate the remainder when 10230 is divided by 354.
318
Calculate the remainder when 3647 is divided by 99.
83
Calculate the remainder when 15485 is divided by 254.
245
What is the remainder when 2225 is divided by 530?
105
Calculate the remainder when 9549 is divided by 3183.
0
What is the remainder when 621854 is divided by 15?
14
Calculate the remainder when 3364 is divided by 2931.
433
What is the remainder when 1940 is divided by 62?
18
Calculate the remainder when 234252 is divided by 9370.
2
What is the remainder when 9319 is divided by 60?
19
Calculate the remainder when 3959 is divided by 658.
11
Calculate the remainder when 1438 is divided by 687.
64
Calculate the remainder when 126691 is divided by 126654.
37
What is the remainder when 25465 is divided by 8488?
1
What is the remainder when 17356 is divided by 1156?
16
Calculate the remainder when 1577 is divided by 785.
7
What is the remainder when 4428 is divided by 917?
760
Calculate the remainder when 63934 is divided by 460.
454
What is the remainder when 507393 is divided by 95?
93
Calculate the remainder when 12408 is divided by 758.
280